{"id":13081,"date":"2023-02-12T11:15:12","date_gmt":"2023-02-12T11:15:12","guid":{"rendered":"https:\/\/jfb-consulting.fr\/?page_id=13081"},"modified":"2023-09-12T15:19:26","modified_gmt":"2023-09-12T15:19:26","slug":"resume-copy","status":"publish","type":"page","link":"https:\/\/jfb-consulting.fr\/?page_id=13081","title":{"rendered":"Resume &#8211; Copy"},"content":{"rendered":"\t\t<div data-elementor-type=\"wp-post\" data-elementor-id=\"13081\" class=\"elementor elementor-13081\">\n\t\t\t\t\t\t<section class=\"elementor-section elementor-top-section elementor-element elementor-element-205ef37 elementor-section-boxed elementor-section-height-default elementor-section-height-default\" data-id=\"205ef37\" data-element_type=\"section\">\n\t\t\t\t\t\t<div class=\"elementor-container elementor-column-gap-default\">\n\t\t\t\t\t<div class=\"elementor-column elementor-col-100 elementor-top-column elementor-element elementor-element-420f8ec\" data-id=\"420f8ec\" data-element_type=\"column\">\n\t\t\t<div class=\"elementor-widget-wrap elementor-element-populated\">\n\t\t\t\t\t\t<div class=\"elementor-element elementor-element-f1e5111 elementor-widget elementor-widget-arzot-timeline\" data-id=\"f1e5111\" data-element_type=\"widget\" data-widget_type=\"arzot-timeline.default\">\n\t\t\t\t<div class=\"elementor-widget-container\">\n\t\t\t\r\n        <div class=\"theme-ribbon-content\">\r\n          <div class=\"qualification-block mb-80\">\r\n            <h4 class=\"inner-title\">Formation<\/h4>\r\n            <ul class=\"pcr-vcard-time-line\">\r\n            \r\n\t\t\t\t                \r\n                    <li ><span class=\"item-period\"> 2002-2004<\/span>\r\n                        <div class=\"half-box\">\r\n                        \t<h5>Classe Pr\u00e9pa PC\/PC*<\/h5>\r\n                        \t<span class=\"item-small\">Lyc\u00e9e Descartes Tours<\/span>\r\n                        \t<p> <\/p>\r\n                        <\/div>\r\n                        <div class=\"clearfix\"><\/div>\r\n                    <\/li>\r\n                   \r\n          \r\n                                \r\n                    <li ><span class=\"item-period\">2004-2006<\/span>\r\n                        <div class=\"half-box\">\r\n                        \t<h5>Ecole d&#039;Ing\u00e9nieur<\/h5>\r\n                        \t<span class=\"item-small\">Ecole Nationale Sup\u00e9rieure de Chimie de Lille<\/span>\r\n                        \t<p> <\/p>\r\n                        <\/div>\r\n                        <div class=\"clearfix\"><\/div>\r\n                    <\/li>\r\n                   \r\n          \r\n                                \r\n            <\/ul>\r\n          <\/div>\r\n          <!-- \/.row --> \r\n          <div class=\"clearfix\"><\/div>\r\n        <\/div>\r\n      \r\n        \r\n\t\t<\/div>\n\t\t\t\t<\/div>\n\t\t\t\t<div class=\"elementor-element elementor-element-3d32833 elementor-widget elementor-widget-arzot-achievement\" data-id=\"3d32833\" data-element_type=\"widget\" data-widget_type=\"arzot-achievement.default\">\n\t\t\t\t<div class=\"elementor-widget-container\">\n\t\t\t\r\n\t\t<div class=\"theme-ribbon-content\">\r\n\t\t\t<div class=\"qualification-block mb-80\">\r\n\t\t\t\t<h4 class=\"inner-title\">Exp\u00e9riences professionnelles <\/h4>\r\n\t\t\t\t<div class=\"row\">\r\n\t\t\t\t\r\n\t\t\t\t\t\t\t\t\t\t\t\t\t<div class=\"col-md-6 col-sm-6 col-12\" >\r\n\t\t\t\t\t\t\t\t\t\t<div class=\"single-block shadow-box\">\r\n\t\t\t\t\t\t\t\t\t\t\t\t<h4 class=\"title\">LOGICA (2007-2011)<\/h4>\r\n\t\t\t\t\t\t\t\t\t\t\t\t<span>D\u00e9veloppeur Hr Access<\/span>\r\n\t\t\t\t\t\t\t\t\t\t\t\t<p>Prestation pour le compte d&#039;Arcelor Systems \u00e0 Dunkerque. Maintenance et mise en place de nouveaux modules (dont portail). Reprises de donn\u00e9es. <\/p>\r\n\t\t\t\t\t\t\t\t\t\t<\/div>\r\n\t\t\t\t\t\t\t\t<\/div>\r\n\t\t\t\r\n\t\t\t\t\t\t\t\t\t\t\t\t\t\t<div class=\"col-md-6 col-sm-6 col-12\" >\r\n\t\t\t\t\t\t\t\t\t\t<div class=\"single-block shadow-box\">\r\n\t\t\t\t\t\t\t\t\t\t\t\t<h4 class=\"title\">CGI (2012-2013)<\/h4>\r\n\t\t\t\t\t\t\t\t\t\t\t\t<span>Consultant fonctionnel<\/span>\r\n\t\t\t\t\t\t\t\t\t\t\t\t<p>Prestation pour le compte du Centre de Services des Ressources Humaines d&#039;ArcelorMittal (CSRH). Projet de migration de 15000 paies d&#039;HR-ACCESS vers SAPHR. R\u00e9daction des cahiers des charges, recette.<\/p>\r\n\t\t\t\t\t\t\t\t\t\t<\/div>\r\n\t\t\t\t\t\t\t\t<\/div>\r\n\t\t\t\r\n\t\t\t\t\t\t\t\t\t\t\t\t\t\t<div class=\"col-md-6 col-sm-6 col-12\" >\r\n\t\t\t\t\t\t\t\t\t\t<div class=\"single-block shadow-box\">\r\n\t\t\t\t\t\t\t\t\t\t\t\t<h4 class=\"title\">ARCELORMITTAL (2014)<\/h4>\r\n\t\t\t\t\t\t\t\t\t\t\t\t<span>Charg\u00e9 de process<\/span>\r\n\t\t\t\t\t\t\t\t\t\t\t\t<p>Responsabilit\u00e9 du portail et des process, en interne au sein du CSRH. R\u00e9daction de livres blancs technico-fonctionnels. <\/p>\r\n\t\t\t\t\t\t\t\t\t\t<\/div>\r\n\t\t\t\t\t\t\t\t<\/div>\r\n\t\t\t\r\n\t\t\t\t\t\t\t\t\t\t\t\t\t\t<div class=\"col-md-6 col-sm-6 col-12\" >\r\n\t\t\t\t\t\t\t\t\t\t<div class=\"single-block shadow-box\">\r\n\t\t\t\t\t\t\t\t\t\t\t\t<h4 class=\"title\">ALTEN (2015)<\/h4>\r\n\t\t\t\t\t\t\t\t\t\t\t\t<span>Consultant fonctionnel SAP HR<\/span>\r\n\t\t\t\t\t\t\t\t\t\t\t\t<p>Prestation pour le compte du CSRH. Audit des pratiques RH dans les usines du groupe avant int\u00e9gration dans SAP HR. Mise en place d\u2019un portail d\u00e9di\u00e9 aux RH.<\/p>\r\n\t\t\t\t\t\t\t\t\t\t<\/div>\r\n\t\t\t\t\t\t\t\t<\/div>\r\n\t\t\t\r\n\t\t\t\t\t\t\t\t\t\t\t\t\t\t<div class=\"col-md-6 col-sm-6 col-12\" >\r\n\t\t\t\t\t\t\t\t\t\t<div class=\"single-block shadow-box\">\r\n\t\t\t\t\t\t\t\t\t\t\t\t<h4 class=\"title\">JFB CONSULTING (depuis 2016)<\/h4>\r\n\t\t\t\t\t\t\t\t\t\t\t\t<span>Consultant fonctionnel SAP HR<\/span>\r\n\t\t\t\t\t\t\t\t\t\t\t\t<p>Prestation pour le compte du CSRH. Int\u00e9gration de nouveaux sites, mise en place du badgeage, analyses, r\u00e9daction de cahiers des charges, recette, formations, gestion des diff\u00e9rents portails.<\/p>\r\n\t\t\t\t\t\t\t\t\t\t<\/div>\r\n\t\t\t\t\t\t\t\t<\/div>\r\n\t\t\t\r\n\t\t\t\t\t\t\t\t\t\t\t\t\r\n\t\t\t\t<\/div>\r\n\t\t\t<\/div>\r\n\t\t\t<!-- \/.row --> \r\n\t\t\t<div class=\"clearfix\"><\/div>\r\n\t\t<\/div>\r\n      \r\n\t\t<\/div>\n\t\t\t\t<\/div>\n\t\t\t\t\t<\/div>\n\t\t<\/div>\n\t\t\t\t\t<\/div>\n\t\t<\/section>\n\t\t\t\t<\/div>\n\t\t","protected":false},"excerpt":{"rendered":"<p>Formation 2002-2004 Classe Pr\u00e9pa PC\/PC* Lyc\u00e9e Descartes Tours 2004-2006 Ecole d&#039;Ing\u00e9nieur Ecole Nationale Sup\u00e9rieure de Chimie de Lille Exp\u00e9riences professionnelles LOGICA (2007-2011) D\u00e9veloppeur Hr Access Prestation pour le compte d&#039;Arcelor Systems \u00e0 Dunkerque. Maintenance et mise en place de nouveaux modules (dont portail). Reprises de donn\u00e9es. CGI (2012-2013) Consultant fonctionnel Prestation pour le compte du<\/p>\n<div class=\"more-link\">\n\t\t\t\t\t <a href=\"https:\/\/jfb-consulting.fr\/?page_id=13081\" class=\"link-btn theme-btn\"><span>Read More <\/span> <i class=\"fa fa-caret-right\"><\/i><\/a>\n\t\t\t\t<\/div>\n","protected":false},"author":1,"featured_media":0,"parent":0,"menu_order":0,"comment_status":"closed","ping_status":"closed","template":"","meta":{"om_disable_all_campaigns":false,"_monsterinsights_skip_tracking":false,"_monsterinsights_sitenote_active":false,"_monsterinsights_sitenote_note":"","_monsterinsights_sitenote_category":0,"footnotes":""},"class_list":["post-13081","page","type-page","status-publish","hentry"],"aioseo_notices":[],"_links":{"self":[{"href":"https:\/\/jfb-consulting.fr\/index.php?rest_route=\/wp\/v2\/pages\/13081","targetHints":{"allow":["GET"]}}],"collection":[{"href":"https:\/\/jfb-consulting.fr\/index.php?rest_route=\/wp\/v2\/pages"}],"about":[{"href":"https:\/\/jfb-consulting.fr\/index.php?rest_route=\/wp\/v2\/types\/page"}],"author":[{"embeddable":true,"href":"https:\/\/jfb-consulting.fr\/index.php?rest_route=\/wp\/v2\/users\/1"}],"replies":[{"embeddable":true,"href":"https:\/\/jfb-consulting.fr\/index.php?rest_route=%2Fwp%2Fv2%2Fcomments&post=13081"}],"version-history":[{"count":21,"href":"https:\/\/jfb-consulting.fr\/index.php?rest_route=\/wp\/v2\/pages\/13081\/revisions"}],"predecessor-version":[{"id":13143,"href":"https:\/\/jfb-consulting.fr\/index.php?rest_route=\/wp\/v2\/pages\/13081\/revisions\/13143"}],"wp:attachment":[{"href":"https:\/\/jfb-consulting.fr\/index.php?rest_route=%2Fwp%2Fv2%2Fmedia&parent=13081"}],"curies":[{"name":"wp","href":"https:\/\/api.w.org\/{rel}","templated":true}]}}